{"id":159,"date":"2016-07-05T21:55:57","date_gmt":"2016-07-05T19:55:57","guid":{"rendered":"http:\/\/stimme-und-persoenlichkeit.de\/?page_id=159"},"modified":"2018-10-23T21:55:46","modified_gmt":"2018-10-23T19:55:46","slug":"cranio-fur-musiker7tanzer","status":"publish","type":"page","link":"http:\/\/stimme-und-persoenlichkeit.de\/index.php\/cranio\/cranio-fur-musiker7tanzer\/","title":{"rendered":"Cranio und Stimme\/Gesang"},"content":{"rendered":"<p>Craniosacrale Prozessarbeit f\u00fchrt auf sanfte Weise tief in den eigenen K\u00f6rper und macht die Verbindung zwischen Seele und K\u00f6rper sehr intensiv f\u00fchlbar. Der K\u00f6rper wird als materieller Ausdruck der Seele erfahr- und erlebbar.<\/p>\n<p>Dies kann zu einer Befreiung und Vertiefung der Ausdrucksf\u00e4higkeit, Verbesserung und Verfeinerung des Bewegungsflusses f\u00fchren.<\/p>\n<p>Das wiederum hat starke unterst\u00fctzende Auswirkungen auf Spielfluss, Konzentration und Klanglichkeit.<\/p>\n<p>&nbsp;<\/p>\n","protected":false},"excerpt":{"rendered":"<p>Craniosacrale Prozessarbeit f\u00fchrt auf sanfte Weise tief in den eigenen K\u00f6rper und macht die Verbindung zwischen Seele und K\u00f6rper sehr intensiv f\u00fchlbar. Der K\u00f6rper wird als materieller Ausdruck der Seele erfahr- und erlebbar. Dies kann zu einer Befreiung und Vertiefung &hellip; <a href=\"http:\/\/stimme-und-persoenlichkeit.de\/index.php\/cranio\/cranio-fur-musiker7tanzer\/\">Continued<\/a><\/p>\n","protected":false},"author":2,"featured_media":0,"parent":43,"menu_order":0,"comment_status":"closed","ping_status":"closed","template":"page-fullwidth.php","meta":[],"_links":{"self":[{"href":"http:\/\/stimme-und-persoenlichkeit.de\/index.php\/wp-json\/wp\/v2\/pages\/159"}],"collection":[{"href":"http:\/\/stimme-und-persoenlichkeit.de\/index.php\/wp-json\/wp\/v2\/pages"}],"about":[{"href":"http:\/\/stimme-und-persoenlichkeit.de\/index.php\/wp-json\/wp\/v2\/types\/page"}],"author":[{"embeddable":true,"href":"http:\/\/stimme-und-persoenlichkeit.de\/index.php\/wp-json\/wp\/v2\/users\/2"}],"replies":[{"embeddable":true,"href":"http:\/\/stimme-und-persoenlichkeit.de\/index.php\/wp-json\/wp\/v2\/comments?post=159"}],"version-history":[{"count":5,"href":"http:\/\/stimme-und-persoenlichkeit.de\/index.php\/wp-json\/wp\/v2\/pages\/159\/revisions"}],"predecessor-version":[{"id":480,"href":"http:\/\/stimme-und-persoenlichkeit.de\/index.php\/wp-json\/wp\/v2\/pages\/159\/revisions\/480"}],"up":[{"embeddable":true,"href":"http:\/\/stimme-und-persoenlichkeit.de\/index.php\/wp-json\/wp\/v2\/pages\/43"}],"wp:attachment":[{"href":"http:\/\/stimme-und-persoenlichkeit.de\/index.php\/wp-json\/wp\/v2\/media?parent=159"}],"curies":[{"name":"wp","href":"https:\/\/api.w.org\/{rel}","templated":true}]}}