{"id":285,"date":"2016-07-08T13:31:11","date_gmt":"2016-07-08T11:31:11","guid":{"rendered":"http:\/\/stimme-und-persoenlichkeit.de\/?page_id=285"},"modified":"2016-07-08T13:45:31","modified_gmt":"2016-07-08T11:45:31","slug":"infobrief","status":"publish","type":"page","link":"http:\/\/stimme-und-persoenlichkeit.de\/index.php\/infobrief\/","title":{"rendered":"Infobrief"},"content":{"rendered":"<p>&nbsp;<\/p>\n<p><strong>Neuigkeiten und aktuelle Termine<\/strong> :<\/p>\n<p>Wenn Du gerne dar\u00fcber benachrichtigt werden m\u00f6chtest kannst du dich sehr gerne unter:\u00a0 <em>info(at)stimme-und-persoenlichkeit.de<\/em>\u00a0 f\u00fcr meinen Infobrief anmelden den ich in unregelm\u00e4\u00dfigen Abst\u00e4nden ( ca. einmal im Monat ) verschicke.<\/p>\n<p>Deine Adresse gebe ich selbstverst\u00e4ndlich nicht weiter, und Du kannst Dich jederzeit problemlos davon abmelden.<\/p>\n<p>&nbsp;<\/p>\n<p>&nbsp;<\/p>\n<p>&nbsp;<\/p>\n","protected":false},"excerpt":{"rendered":"<p>&nbsp; Neuigkeiten und aktuelle Termine : Wenn Du gerne dar\u00fcber benachrichtigt werden m\u00f6chtest kannst du dich sehr gerne unter:\u00a0 info(at)stimme-und-persoenlichkeit.de\u00a0 f\u00fcr meinen Infobrief anmelden den ich in unregelm\u00e4\u00dfigen Abst\u00e4nden ( ca. einmal im Monat ) verschicke. Deine Adresse gebe ich &hellip; <a href=\"http:\/\/stimme-und-persoenlichkeit.de\/index.php\/infobrief\/\">Continued<\/a><\/p>\n","protected":false},"author":2,"featured_media":0,"parent":0,"menu_order":0,"comment_status":"closed","ping_status":"closed","template":"page-feature.php","meta":[],"_links":{"self":[{"href":"http:\/\/stimme-und-persoenlichkeit.de\/index.php\/wp-json\/wp\/v2\/pages\/285"}],"collection":[{"href":"http:\/\/stimme-und-persoenlichkeit.de\/index.php\/wp-json\/wp\/v2\/pages"}],"about":[{"href":"http:\/\/stimme-und-persoenlichkeit.de\/index.php\/wp-json\/wp\/v2\/types\/page"}],"author":[{"embeddable":true,"href":"http:\/\/stimme-und-persoenlichkeit.de\/index.php\/wp-json\/wp\/v2\/users\/2"}],"replies":[{"embeddable":true,"href":"http:\/\/stimme-und-persoenlichkeit.de\/index.php\/wp-json\/wp\/v2\/comments?post=285"}],"version-history":[{"count":4,"href":"http:\/\/stimme-und-persoenlichkeit.de\/index.php\/wp-json\/wp\/v2\/pages\/285\/revisions"}],"predecessor-version":[{"id":290,"href":"http:\/\/stimme-und-persoenlichkeit.de\/index.php\/wp-json\/wp\/v2\/pages\/285\/revisions\/290"}],"wp:attachment":[{"href":"http:\/\/stimme-und-persoenlichkeit.de\/index.php\/wp-json\/wp\/v2\/media?parent=285"}],"curies":[{"name":"wp","href":"https:\/\/api.w.org\/{rel}","templated":true}]}}

<p>&nbsp;</p>
<p><strong>Neuigkeiten und aktuelle Termine</strong> :</p>
<p>Wenn Du gerne darüber benachrichtigt werden möchtest kannst du dich sehr gerne unter:  <em>info(at)stimme-und-persoenlichkeit.de</em>  für meinen Infobrief anmelden den ich in unregelmäßigen Abständen ( ca. einmal im Monat ) verschicke.</p>
<p>Deine Adresse gebe ich selbstverständlich nicht weiter, und Du kannst Dich jederzeit problemlos davon abmelden.</p>
<p>&nbsp;</p>
<p>&nbsp;</p>
<p>&nbsp;</p>

<p>&nbsp; Neuigkeiten und aktuelle Termine : Wenn Du gerne darüber benachrichtigt werden möchtest kannst du dich sehr gerne unter:  info(at)stimme-und-persoenlichkeit.de  für meinen Infobrief anmelden den ich in unregelmäßigen Abständen ( ca. einmal im Monat ) verschicke. Deine Adresse gebe ich &hellip; <a href="http://stimme-und-persoenlichkeit.de/index.php/infobrief/">Continued</a></p>
