{"id":51,"date":"2016-06-25T13:52:09","date_gmt":"2016-06-25T13:52:09","guid":{"rendered":"http:\/\/stimme-und-persoenlichkeit.de\/?page_id=51"},"modified":"2021-12-13T14:33:39","modified_gmt":"2021-12-13T12:33:39","slug":"coaching","status":"publish","type":"page","link":"http:\/\/stimme-und-persoenlichkeit.de\/index.php\/coaching\/","title":{"rendered":"Coaching"},"content":{"rendered":"<p>Meine Rollen dabei, u.a.\u00a0 :<\/p>\n<p>Mutmacherin\u00a0 &#8211; Begleiterin &#8211; Raumhalterin &#8211; Stolperstein &#8211; Herausforderin &#8211; Verb\u00fcndete &#8211; Mitf\u00fchlende &#8211; Lachgenossin<\/p>\n<p>&nbsp;<\/p>\n<p><strong>Wieder aufrecht und entspannt weitergehen&#8230;<\/strong><\/p>\n<p>Es gibt immer mal im Leben Zeiten, wo wir das Gef\u00fchl haben festzuh\u00e4ngen<\/p>\n<p>wir uns unklar sind \u00fcber unsere Ziele oder die n\u00e4chsten Schritte<\/p>\n<p>mutlos oder verwirrt sind<\/p>\n<p>wo Schicksalsschl\u00e4ge das Leben schwer, dunklel und z\u00e4h erscheinen lassen<\/p>\n<p>oder wo wir uns einfach Unterst\u00fctzung bei der allt\u00e4glichen Lebensorganisation oder auch in freudigen Wachstumsphasen w\u00fcnschen.<\/p>\n<p>Hier bin ich sehr gerne Begleiterin.<\/p>\n<p>Auch wenn dabei ein bestimmter Lebensaspekt im Vordergrund steht ist es mir wichtig, immer den ganzen Menschen mit all seinen Facetten und Anteilen wahrzunehmen und in die L\u00f6sungsschritte zu integrieren.<\/p>\n<p>Und so wie jeder Mensch anders ist, ist auch meine Begleitung immer ganz individuell auf Sie und Ihre\u00a0 spezielle Situation abgestimmt.<\/p>\n<p>Es k\u00f6nnen Gespr\u00e4che sein, aber auch NLP-Techniken,\u00a0 innere\u00a0 Imaginationsarbeit, unterst\u00fctzende Rituale, befreiende K\u00f6rper- oder Stimmarbeit k\u00f6nnen &#8211; immer in Abstimmung mit Ihnen &#8211; zum Einsatz kommen.<\/p>\n<p>Wenn es passt gehe ich f\u00fcr Coaching-Gespr\u00e4che auch gerne in die Natur und beziehe sie in die Arbeit mit ein, da sie innere Prozesse oft ganz \u00fcberraschend inspiriert und unterst\u00fctzt.<\/p>\n<p><strong>Wenn Sie sich angesprochen f\u00fchlen, wagen Sie einfach den ersten unverbindlichen Schritt zu einem kostenlosen telefonischen Erstgespr\u00e4ch:<\/strong><\/p>\n<p><em><strong>info(at)stimme-und-persoenlichkeit.de<\/strong><\/em><\/p>\n<p>Um wirkliche Ver\u00e4nderungen im Leben zu generieren und gesteckte Ziel zu erreichen braucht es Zeit, Verbindlichkeit und Engagement.<\/p>\n<p>Da ich gerne m\u00f6chte dass Ihr finanzieller und zeitlicher Aufwand effektiv und f\u00fcr Sie erfolgreich ist lege ich Wert auf eine verbindliche Arbeitsvereinbarung.<\/p>\n<p>Wenn Sie gerne mit mir arbeiten m\u00f6chten vereinbaren wir einen Start -Termin an dem wir besprechen was Ihr Anliegen ist und auf welchem Wege wir miteinander arbeiten m\u00f6chten, d.h wir machen eine bestimmte Anzahl an Stunden aus oder einen Plan wie z.B. zwei oder drei Treffen pro Monat f\u00fcr eine bestimmte Zeit.<\/p>\n<p>Es ist in besonderen F\u00e4llen auch m\u00f6glich telefonisch oder per skype zu arbeiten.<\/p>\n<p>Wenn Sie Interesse haben k\u00f6nnen Sie mir hier direkt eine Nachricht schicken und wir k\u00f6nnen ein kostenloses telefonisches Erstgespr\u00e4ch vereinbaren:<\/p>\n<p><em><strong>info(at)stimme-und-persoenlichkeit.de<\/strong><\/em><\/p>\n<p>Ich freue mich auf Sie!<\/p>\n<p>&nbsp;<\/p>\n<p>&nbsp;<\/p>\n<p>&#8212;&#8212;&#8212;&#8212;&#8212;&#8212;&#8212;&#8212;&#8212;&#8212;&#8212;&#8212;&#8212;&#8212;&#8212;&#8212;&#8212;&#8212;&#8212;&#8212;&#8212;&#8212;&#8212;&#8212;&#8212;&#8212;&#8212;&#8212;&#8212;&#8212;&#8212;&#8212;&#8212;&#8212;&#8212;&#8212;&#8212;&#8212;&#8212;&#8212;&#8212;&#8212;&#8212;&#8212;&#8212;&#8212;&#8212;&#8212;&#8212;&#8212;&#8212;&#8212;&#8212;&#8212;&#8212;&#8212;&#8212;&#8212;&#8212;&#8212;&#8212;&#8212;&#8212;&#8212;&#8212;&#8212;&#8212;<\/p>\n","protected":false},"excerpt":{"rendered":"<p>Meine Rollen dabei, u.a.\u00a0 : Mutmacherin\u00a0 &#8211; Begleiterin &#8211; Raumhalterin &#8211; Stolperstein &#8211; Herausforderin &#8211; Verb\u00fcndete &#8211; Mitf\u00fchlende &#8211; Lachgenossin &nbsp; Wieder aufrecht und entspannt weitergehen&#8230; Es gibt immer mal im Leben Zeiten, wo wir das Gef\u00fchl haben festzuh\u00e4ngen wir &hellip; <a href=\"http:\/\/stimme-und-persoenlichkeit.de\/index.php\/coaching\/\">Continued<\/a><\/p>\n","protected":false},"author":2,"featured_media":0,"parent":0,"menu_order":0,"comment_status":"closed","ping_status":"closed","template":"page-feature.php","meta":[],"_links":{"self":[{"href":"http:\/\/stimme-und-persoenlichkeit.de\/index.php\/wp-json\/wp\/v2\/pages\/51"}],"collection":[{"href":"http:\/\/stimme-und-persoenlichkeit.de\/index.php\/wp-json\/wp\/v2\/pages"}],"about":[{"href":"http:\/\/stimme-und-persoenlichkeit.de\/index.php\/wp-json\/wp\/v2\/types\/page"}],"author":[{"embeddable":true,"href":"http:\/\/stimme-und-persoenlichkeit.de\/index.php\/wp-json\/wp\/v2\/users\/2"}],"replies":[{"embeddable":true,"href":"http:\/\/stimme-und-persoenlichkeit.de\/index.php\/wp-json\/wp\/v2\/comments?post=51"}],"version-history":[{"count":20,"href":"http:\/\/stimme-und-persoenlichkeit.de\/index.php\/wp-json\/wp\/v2\/pages\/51\/revisions"}],"predecessor-version":[{"id":462,"href":"http:\/\/stimme-und-persoenlichkeit.de\/index.php\/wp-json\/wp\/v2\/pages\/51\/revisions\/462"}],"wp:attachment":[{"href":"http:\/\/stimme-und-persoenlichkeit.de\/index.php\/wp-json\/wp\/v2\/media?parent=51"}],"curies":[{"name":"wp","href":"https:\/\/api.w.org\/{rel}","templated":true}]}}

<p>Meine Rollen dabei, u.a.  :</p>
<p>Mutmacherin  &#8211; Begleiterin &#8211; Raumhalterin &#8211; Stolperstein &#8211; Herausforderin &#8211; Verbündete &#8211; Mitfühlende &#8211; Lachgenossin</p>
<p>&nbsp;</p>
<p><strong>Wieder aufrecht und entspannt weitergehen&#8230;</strong></p>
<p>Es gibt immer mal im Leben Zeiten, wo wir das Gefühl haben festzuhängen</p>
<p>wir uns unklar sind über unsere Ziele oder die nächsten Schritte</p>
<p>mutlos oder verwirrt sind</p>
<p>wo Schicksalsschläge das Leben schwer, dunklel und zäh erscheinen lassen</p>
<p>oder wo wir uns einfach Unterstützung bei der alltäglichen Lebensorganisation oder auch in freudigen Wachstumsphasen wünschen.</p>
<p>Hier bin ich sehr gerne Begleiterin.</p>
<p>Auch wenn dabei ein bestimmter Lebensaspekt im Vordergrund steht ist es mir wichtig, immer den ganzen Menschen mit all seinen Facetten und Anteilen wahrzunehmen und in die Lösungsschritte zu integrieren.</p>
<p>Und so wie jeder Mensch anders ist, ist auch meine Begleitung immer ganz individuell auf Sie und Ihre  spezielle Situation abgestimmt.</p>
<p>Es können Gespräche sein, aber auch NLP-Techniken,  innere  Imaginationsarbeit, unterstützende Rituale, befreiende Körper- oder Stimmarbeit können &#8211; immer in Abstimmung mit Ihnen &#8211; zum Einsatz kommen.</p>
<p>Wenn es passt gehe ich für Coaching-Gespräche auch gerne in die Natur und beziehe sie in die Arbeit mit ein, da sie innere Prozesse oft ganz überraschend inspiriert und unterstützt.</p>
<p><strong>Wenn Sie sich angesprochen fühlen, wagen Sie einfach den ersten unverbindlichen Schritt zu einem kostenlosen telefonischen Erstgespräch:</strong></p>
<p><em><strong>info(at)stimme-und-persoenlichkeit.de</strong></em></p>
<p>Um wirkliche Veränderungen im Leben zu generieren und gesteckte Ziel zu erreichen braucht es Zeit, Verbindlichkeit und Engagement.</p>
<p>Da ich gerne möchte dass Ihr finanzieller und zeitlicher Aufwand effektiv und für Sie erfolgreich ist lege ich Wert auf eine verbindliche Arbeitsvereinbarung.</p>
<p>Wenn Sie gerne mit mir arbeiten möchten vereinbaren wir einen Start -Termin an dem wir besprechen was Ihr Anliegen ist und auf welchem Wege wir miteinander arbeiten möchten, d.h wir machen eine bestimmte Anzahl an Stunden aus oder einen Plan wie z.B. zwei oder drei Treffen pro Monat für eine bestimmte Zeit.</p>
<p>Es ist in besonderen Fällen auch möglich telefonisch oder per skype zu arbeiten.</p>
<p>Wenn Sie Interesse haben können Sie mir hier direkt eine Nachricht schicken und wir können ein kostenloses telefonisches Erstgespräch vereinbaren:</p>
<p><em><strong>info(at)stimme-und-persoenlichkeit.de</strong></em></p>
<p>Ich freue mich auf Sie!</p>
<p>&nbsp;</p>
<p>&nbsp;</p>
<p>&#8212;&#8212;&#8212;&#8212;&#8212;&#8212;&#8212;&#8212;&#8212;&#8212;&#8212;&#8212;&#8212;&#8212;&#8212;&#8212;&#8212;&#8212;&#8212;&#8212;&#8212;&#8212;&#8212;&#8212;&#8212;&#8212;&#8212;&#8212;&#8212;&#8212;&#8212;&#8212;&#8212;&#8212;&#8212;&#8212;&#8212;&#8212;&#8212;&#8212;&#8212;&#8212;&#8212;&#8212;&#8212;&#8212;&#8212;&#8212;&#8212;&#8212;&#8212;&#8212;&#8212;&#8212;&#8212;&#8212;&#8212;&#8212;&#8212;&#8212;&#8212;&#8212;&#8212;&#8212;&#8212;&#8212;&#8212;</p>

<p>Meine Rollen dabei, u.a.  : Mutmacherin  &#8211; Begleiterin &#8211; Raumhalterin &#8211; Stolperstein &#8211; Herausforderin &#8211; Verbündete &#8211; Mitfühlende &#8211; Lachgenossin &nbsp; Wieder aufrecht und entspannt weitergehen&#8230; Es gibt immer mal im Leben Zeiten, wo wir das Gefühl haben festzuhängen wir &hellip; <a href="http://stimme-und-persoenlichkeit.de/index.php/coaching/">Continued</a></p>
