{"id":562,"date":"2019-06-04T12:48:43","date_gmt":"2019-06-04T10:48:43","guid":{"rendered":"http:\/\/stimme-und-persoenlichkeit.de\/?page_id=562"},"modified":"2019-09-08T11:01:13","modified_gmt":"2019-09-08T09:01:13","slug":"coaching-fur-musiker","status":"publish","type":"page","link":"http:\/\/stimme-und-persoenlichkeit.de\/index.php\/coaching\/coaching-fur-musiker\/","title":{"rendered":"Coaching f\u00fcr Musiker"},"content":{"rendered":"<h2><strong>\u00a0Somato-mentales Coaching f\u00fcr Musiker<br \/>\n<\/strong><\/h2>\n<p>Gerade f\u00fcr <strong>Musiker und S\u00e4nger<\/strong> ist es wichtig im Coaching <strong>ganzheitlich<\/strong> zu arbeiten, d.h. <strong>k\u00f6rperliche <span style=\"text-decoration: underline;\">und<\/span> geistig-mentale <\/strong>Aspekte zu ber\u00fccksichtigen.<\/p>\n<p>Ein <strong>gut geerdeter, zentrierter und flexibler, durchl\u00e4ssiger K\u00f6rper <\/strong>ist die Basis f\u00fcr die professionelle Beherrschung von Stimme und Instrument.<\/p>\n<p>Ung\u00fcnstige <strong>gedankliche oder emotionale Prozesse<\/strong> k\u00f6nnen jedoch die so \u00fcberaus komplexe und subtile Ausf\u00fchrung\u00a0 empfindlich st\u00f6ren, wie wohl jeder Musiker und S\u00e4nger schon<strong> &#8216;am eigenen Leib&#8217;<\/strong> erfahren musste.<\/p>\n<p>Darum <strong>analysieren wir gemeinsam<\/strong> ganz genau, <strong>auf welcher Ebene<\/strong> die Problempunkte angesiedelt sind um sie dann <strong>ganz gezielt<\/strong> mit den entsprechenden Methoden und Techniken zu bearbeiten.<\/p>\n<p>Dazu geh\u00f6ren u.a.:<\/p>\n<ul>\n<li><strong>Selbstwahrnehmung<\/strong><\/li>\n<li><strong>K\u00f6rperbewusstsein<\/strong><\/li>\n<li><strong>Craniosacrale K\u00f6rperarbeit<\/strong><\/li>\n<li><strong>NLP<\/strong><\/li>\n<li><strong>Arbeit mit Selbstbild und Glaubenss\u00e4tzen<\/strong><\/li>\n<li><strong>Imaginative Techniken<\/strong><\/li>\n<li><strong>Auftrittstraining<\/strong><\/li>\n<\/ul>\n<p>&nbsp;<\/p>\n","protected":false},"excerpt":{"rendered":"<p>\u00a0Somato-mentales Coaching f\u00fcr Musiker Gerade f\u00fcr Musiker und S\u00e4nger ist es wichtig im Coaching ganzheitlich zu arbeiten, d.h. k\u00f6rperliche und geistig-mentale Aspekte zu ber\u00fccksichtigen. Ein gut geerdeter, zentrierter und flexibler, durchl\u00e4ssiger K\u00f6rper ist die Basis f\u00fcr die professionelle Beherrschung von &hellip; <a href=\"http:\/\/stimme-und-persoenlichkeit.de\/index.php\/coaching\/coaching-fur-musiker\/\">Continued<\/a><\/p>\n","protected":false},"author":2,"featured_media":0,"parent":51,"menu_order":0,"comment_status":"closed","ping_status":"closed","template":"page-fullwidth.php","meta":[],"_links":{"self":[{"href":"http:\/\/stimme-und-persoenlichkeit.de\/index.php\/wp-json\/wp\/v2\/pages\/562"}],"collection":[{"href":"http:\/\/stimme-und-persoenlichkeit.de\/index.php\/wp-json\/wp\/v2\/pages"}],"about":[{"href":"http:\/\/stimme-und-persoenlichkeit.de\/index.php\/wp-json\/wp\/v2\/types\/page"}],"author":[{"embeddable":true,"href":"http:\/\/stimme-und-persoenlichkeit.de\/index.php\/wp-json\/wp\/v2\/users\/2"}],"replies":[{"embeddable":true,"href":"http:\/\/stimme-und-persoenlichkeit.de\/index.php\/wp-json\/wp\/v2\/comments?post=562"}],"version-history":[{"count":9,"href":"http:\/\/stimme-und-persoenlichkeit.de\/index.php\/wp-json\/wp\/v2\/pages\/562\/revisions"}],"predecessor-version":[{"id":583,"href":"http:\/\/stimme-und-persoenlichkeit.de\/index.php\/wp-json\/wp\/v2\/pages\/562\/revisions\/583"}],"up":[{"embeddable":true,"href":"http:\/\/stimme-und-persoenlichkeit.de\/index.php\/wp-json\/wp\/v2\/pages\/51"}],"wp:attachment":[{"href":"http:\/\/stimme-und-persoenlichkeit.de\/index.php\/wp-json\/wp\/v2\/media?parent=562"}],"curies":[{"name":"wp","href":"https:\/\/api.w.org\/{rel}","templated":true}]}}